{"id":88,"date":"2025-12-20T21:12:04","date_gmt":"2025-12-20T21:12:04","guid":{"rendered":"https:\/\/zpit-sgh.pl\/?page_id=88"},"modified":"2025-12-25T22:27:14","modified_gmt":"2025-12-25T22:27:14","slug":"o-nas","status":"publish","type":"page","link":"https:\/\/zpit-sgh.pl\/?page_id=88","title":{"rendered":""},"content":{"rendered":"\n<div class=\"wp-block-media-text is-stacked-on-mobile is-image-fill-element\" style=\"margin-bottom:var(--wp--preset--spacing--50);grid-template-columns:57% auto\"><figure class=\"wp-block-media-text__media\"><img loading=\"lazy\" decoding=\"async\" width=\"1024\" height=\"683\" src=\"https:\/\/zpit-sgh.pl\/wp-content\/uploads\/2025\/12\/IMG_5295-1024x683.jpg\" alt=\"\" class=\"wp-image-7 size-full\" style=\"object-position:50% 50%\" srcset=\"https:\/\/zpit-sgh.pl\/wp-content\/uploads\/2025\/12\/IMG_5295-1024x683.jpg 1024w, https:\/\/zpit-sgh.pl\/wp-content\/uploads\/2025\/12\/IMG_5295-300x200.jpg 300w, https:\/\/zpit-sgh.pl\/wp-content\/uploads\/2025\/12\/IMG_5295-768x512.jpg 768w, https:\/\/zpit-sgh.pl\/wp-content\/uploads\/2025\/12\/IMG_5295-1536x1024.jpg 1536w, https:\/\/zpit-sgh.pl\/wp-content\/uploads\/2025\/12\/IMG_5295-2048x1365.jpg 2048w\" sizes=\"auto, (max-width: 1024px) 100vw, 1024px\" \/><\/figure><div class=\"wp-block-media-text__content\">\n<p class=\"has-text-align-center\">Zesp\u00f3\u0142 Pie\u015bni i Ta\u0144ca Szko\u0142y G\u0142\u00f3wnej Handlowej w Warszawie powsta\u0142 w 2004 r. Obecnie zrzesza oko\u0142o 100 student\u00f3w \u2013 zar\u00f3wno z najstarszej polskiej uczelni ekonomicznej, jak i innych warszawskich szk\u00f3\u0142 wy\u017cszych.<\/p>\n<\/div><\/div>\n\n\n\n<div class=\"wp-block-media-text has-media-on-the-right is-stacked-on-mobile is-image-fill-element\" style=\"grid-template-columns:auto 46%\"><div class=\"wp-block-media-text__content\">\n<p class=\"has-text-align-center\">W repertuarze Zespo\u0142u znajduj\u0105 si\u0119 uk\u0142ady choreograficzne z wielu region\u00f3w Polski, m.in. Spisza, Kurpi, Lubelszczyzny, Limanowej, \u015al\u0105ska czy Rzeszowszczyzny. Prezentujemy r\u00f3wnie\u017c komplet polskich ta\u0144c\u00f3w narodowych: krakowiaka, kujawiaka, mazura, poloneza oraz oberka.<\/p>\n<\/div><figure class=\"wp-block-media-text__media\"><img loading=\"lazy\" decoding=\"async\" width=\"1024\" height=\"683\" src=\"https:\/\/zpit-sgh.pl\/wp-content\/uploads\/2025\/12\/zdjecie-do-stopki-1024x683.jpg\" alt=\"\" class=\"wp-image-67 size-full\" style=\"object-position:50% 50%\" srcset=\"https:\/\/zpit-sgh.pl\/wp-content\/uploads\/2025\/12\/zdjecie-do-stopki-1024x683.jpg 1024w, https:\/\/zpit-sgh.pl\/wp-content\/uploads\/2025\/12\/zdjecie-do-stopki-300x200.jpg 300w, https:\/\/zpit-sgh.pl\/wp-content\/uploads\/2025\/12\/zdjecie-do-stopki-768x512.jpg 768w, https:\/\/zpit-sgh.pl\/wp-content\/uploads\/2025\/12\/zdjecie-do-stopki-1536x1024.jpg 1536w, https:\/\/zpit-sgh.pl\/wp-content\/uploads\/2025\/12\/zdjecie-do-stopki-2048x1365.jpg 2048w\" sizes=\"auto, (max-width: 1024px) 100vw, 1024px\" \/><\/figure><\/div>\n\n\n\n<p class=\"has-text-align-center\" style=\"margin-top:var(--wp--preset--spacing--30);margin-bottom:var(--wp--preset--spacing--30)\">Zesp\u00f3\u0142 z sukcesami koncertuje na licznych festiwalach folklorystycznych na ca\u0142ym \u015bwiecie. Jednym z naszych wyj\u0105tkowych osi\u0105gni\u0119\u0107 by\u0142 udzia\u0142 w obchodach 60-lecia Japo\u0144skiej Federacji Folklorystycznej, podczas kt\u00f3rych mieli\u015bmy zaszczyt nauczy\u0107 kroku poloneza ponad 2500 os\u00f3b.<\/p>\n\n\n\n<figure class=\"wp-block-embed aligncenter is-type-video is-provider-youtube wp-block-embed-youtube wp-embed-aspect-16-9 wp-has-aspect-ratio\"><div class=\"wp-block-embed__wrapper\">\n<iframe loading=\"lazy\" title=\"ZPiT SGH Polonez na 2500 os\u00f3b w Kobe w Japonii\" width=\"500\" height=\"281\" src=\"https:\/\/www.youtube.com\/embed\/QBXn-DEHwXI?feature=oembed\" frameborder=\"0\" allow=\"accelerometer; autoplay; clipboard-write; encrypted-media; gyroscope; picture-in-picture; web-share\" referrerpolicy=\"strict-origin-when-cross-origin\" allowfullscreen><\/iframe>\n<\/div><\/figure>\n","protected":false},"excerpt":{"rendered":"<p>Zesp\u00f3\u0142 Pie\u015bni i Ta\u0144ca Szko\u0142y G\u0142\u00f3wnej Handlowej w Warszawie powsta\u0142 w 2004 r. Obecnie zrzesza oko\u0142o 100 student\u00f3w \u2013 zar\u00f3wno z najstarszej polskiej uczelni ekonomicznej, jak i innych warszawskich szk\u00f3\u0142 wy\u017cszych. W repertuarze Zespo\u0142u znajduj\u0105 si\u0119 uk\u0142ady choreograficzne z wielu region\u00f3w Polski, m.in. Spisza, Kurpi, Lubelszczyzny, Limanowej, \u015al\u0105ska czy Rzeszowszczyzny. Prezentujemy r\u00f3wnie\u017c komplet polskich ta\u0144c\u00f3w [&hellip;]<\/p>\n","protected":false},"author":1,"featured_media":0,"parent":0,"menu_order":0,"comment_status":"closed","ping_status":"closed","template":"","meta":{"footnotes":""},"class_list":["post-88","page","type-page","status-publish","hentry"],"yoast_head":"<!-- This site is optimized with the Yoast SEO plugin v26.6 - https:\/\/yoast.com\/wordpress\/plugins\/seo\/ -->\n<title>- ZPiT SGH<\/title>\n<meta name=\"robots\" content=\"index, follow, max-snippet:-1, max-image-preview:large, max-video-preview:-1\" \/>\n<link rel=\"canonical\" href=\"https:\/\/zpit-sgh.pl\/?page_id=88\" \/>\n<meta property=\"og:locale\" content=\"pl_PL\" \/>\n<meta property=\"og:type\" content=\"article\" \/>\n<meta property=\"og:title\" content=\"- ZPiT SGH\" \/>\n<meta property=\"og:description\" content=\"Zesp\u00f3\u0142 Pie\u015bni i Ta\u0144ca Szko\u0142y G\u0142\u00f3wnej Handlowej w Warszawie powsta\u0142 w 2004 r. Obecnie zrzesza oko\u0142o 100 student\u00f3w \u2013 zar\u00f3wno z najstarszej polskiej uczelni ekonomicznej, jak i innych warszawskich szk\u00f3\u0142 wy\u017cszych. W repertuarze Zespo\u0142u znajduj\u0105 si\u0119 uk\u0142ady choreograficzne z wielu region\u00f3w Polski, m.in. Spisza, Kurpi, Lubelszczyzny, Limanowej, \u015al\u0105ska czy Rzeszowszczyzny. Prezentujemy r\u00f3wnie\u017c komplet polskich ta\u0144c\u00f3w [&hellip;]\" \/>\n<meta property=\"og:url\" content=\"https:\/\/zpit-sgh.pl\/?page_id=88\" \/>\n<meta property=\"og:site_name\" content=\"ZPiT SGH\" \/>\n<meta property=\"article:modified_time\" content=\"2025-12-25T22:27:14+00:00\" \/>\n<meta property=\"og:image\" content=\"https:\/\/zpit-sgh.pl\/wp-content\/uploads\/2025\/12\/IMG_5295-scaled.jpg\" \/>\n\t<meta property=\"og:image:width\" content=\"2560\" \/>\n\t<meta property=\"og:image:height\" content=\"1707\" \/>\n\t<meta property=\"og:image:type\" content=\"image\/jpeg\" \/>\n<meta name=\"twitter:card\" content=\"summary_large_image\" \/>\n<meta name=\"twitter:label1\" content=\"Szacowany czas czytania\" \/>\n\t<meta name=\"twitter:data1\" content=\"1 minuta\" \/>\n<script type=\"application\/ld+json\" class=\"yoast-schema-graph\">{\"@context\":\"https:\/\/schema.org\",\"@graph\":[{\"@type\":\"WebPage\",\"@id\":\"https:\/\/zpit-sgh.pl\/?page_id=88\",\"url\":\"https:\/\/zpit-sgh.pl\/?page_id=88\",\"name\":\"- ZPiT SGH\",\"isPartOf\":{\"@id\":\"https:\/\/test.zpit-sgh.pl\/#website\"},\"primaryImageOfPage\":{\"@id\":\"https:\/\/zpit-sgh.pl\/?page_id=88#primaryimage\"},\"image\":{\"@id\":\"https:\/\/zpit-sgh.pl\/?page_id=88#primaryimage\"},\"thumbnailUrl\":\"https:\/\/zpit-sgh.pl\/wp-content\/uploads\/2025\/12\/IMG_5295-1024x683.jpg\",\"datePublished\":\"2025-12-20T21:12:04+00:00\",\"dateModified\":\"2025-12-25T22:27:14+00:00\",\"inLanguage\":\"pl-PL\",\"potentialAction\":[{\"@type\":\"ReadAction\",\"target\":[\"https:\/\/zpit-sgh.pl\/?page_id=88\"]}]},{\"@type\":\"ImageObject\",\"inLanguage\":\"pl-PL\",\"@id\":\"https:\/\/zpit-sgh.pl\/?page_id=88#primaryimage\",\"url\":\"https:\/\/zpit-sgh.pl\/wp-content\/uploads\/2025\/12\/IMG_5295-scaled.jpg\",\"contentUrl\":\"https:\/\/zpit-sgh.pl\/wp-content\/uploads\/2025\/12\/IMG_5295-scaled.jpg\",\"width\":2560,\"height\":1707},{\"@type\":\"WebSite\",\"@id\":\"https:\/\/test.zpit-sgh.pl\/#website\",\"url\":\"https:\/\/test.zpit-sgh.pl\/\",\"name\":\"ZPiT SGH\",\"description\":\"\",\"publisher\":{\"@id\":\"https:\/\/test.zpit-sgh.pl\/#organization\"},\"potentialAction\":[{\"@type\":\"SearchAction\",\"target\":{\"@type\":\"EntryPoint\",\"urlTemplate\":\"https:\/\/test.zpit-sgh.pl\/?s={search_term_string}\"},\"query-input\":{\"@type\":\"PropertyValueSpecification\",\"valueRequired\":true,\"valueName\":\"search_term_string\"}}],\"inLanguage\":\"pl-PL\"},{\"@type\":\"Organization\",\"@id\":\"https:\/\/test.zpit-sgh.pl\/#organization\",\"name\":\"ZPiT SGH\",\"url\":\"https:\/\/test.zpit-sgh.pl\/\",\"logo\":{\"@type\":\"ImageObject\",\"inLanguage\":\"pl-PL\",\"@id\":\"https:\/\/test.zpit-sgh.pl\/#\/schema\/logo\/image\/\",\"url\":\"https:\/\/zpit-sgh.pl\/wp-content\/uploads\/2025\/12\/logo-20-lat-zpit-sgh.png\",\"contentUrl\":\"https:\/\/zpit-sgh.pl\/wp-content\/uploads\/2025\/12\/logo-20-lat-zpit-sgh.png\",\"width\":341,\"height\":411,\"caption\":\"ZPiT SGH\"},\"image\":{\"@id\":\"https:\/\/test.zpit-sgh.pl\/#\/schema\/logo\/image\/\"}}]}<\/script>\n<!-- \/ Yoast SEO plugin. -->","yoast_head_json":{"title":"- ZPiT SGH","robots":{"index":"index","follow":"follow","max-snippet":"max-snippet:-1","max-image-preview":"max-image-preview:large","max-video-preview":"max-video-preview:-1"},"canonical":"https:\/\/zpit-sgh.pl\/?page_id=88","og_locale":"pl_PL","og_type":"article","og_title":"- ZPiT SGH","og_description":"Zesp\u00f3\u0142 Pie\u015bni i Ta\u0144ca Szko\u0142y G\u0142\u00f3wnej Handlowej w Warszawie powsta\u0142 w 2004 r. Obecnie zrzesza oko\u0142o 100 student\u00f3w \u2013 zar\u00f3wno z najstarszej polskiej uczelni ekonomicznej, jak i innych warszawskich szk\u00f3\u0142 wy\u017cszych. W repertuarze Zespo\u0142u znajduj\u0105 si\u0119 uk\u0142ady choreograficzne z wielu region\u00f3w Polski, m.in. Spisza, Kurpi, Lubelszczyzny, Limanowej, \u015al\u0105ska czy Rzeszowszczyzny. Prezentujemy r\u00f3wnie\u017c komplet polskich ta\u0144c\u00f3w [&hellip;]","og_url":"https:\/\/zpit-sgh.pl\/?page_id=88","og_site_name":"ZPiT SGH","article_modified_time":"2025-12-25T22:27:14+00:00","og_image":[{"width":2560,"height":1707,"url":"https:\/\/zpit-sgh.pl\/wp-content\/uploads\/2025\/12\/IMG_5295-scaled.jpg","type":"image\/jpeg"}],"twitter_card":"summary_large_image","twitter_misc":{"Szacowany czas czytania":"1 minuta"},"schema":{"@context":"https:\/\/schema.org","@graph":[{"@type":"WebPage","@id":"https:\/\/zpit-sgh.pl\/?page_id=88","url":"https:\/\/zpit-sgh.pl\/?page_id=88","name":"- ZPiT SGH","isPartOf":{"@id":"https:\/\/test.zpit-sgh.pl\/#website"},"primaryImageOfPage":{"@id":"https:\/\/zpit-sgh.pl\/?page_id=88#primaryimage"},"image":{"@id":"https:\/\/zpit-sgh.pl\/?page_id=88#primaryimage"},"thumbnailUrl":"https:\/\/zpit-sgh.pl\/wp-content\/uploads\/2025\/12\/IMG_5295-1024x683.jpg","datePublished":"2025-12-20T21:12:04+00:00","dateModified":"2025-12-25T22:27:14+00:00","inLanguage":"pl-PL","potentialAction":[{"@type":"ReadAction","target":["https:\/\/zpit-sgh.pl\/?page_id=88"]}]},{"@type":"ImageObject","inLanguage":"pl-PL","@id":"https:\/\/zpit-sgh.pl\/?page_id=88#primaryimage","url":"https:\/\/zpit-sgh.pl\/wp-content\/uploads\/2025\/12\/IMG_5295-scaled.jpg","contentUrl":"https:\/\/zpit-sgh.pl\/wp-content\/uploads\/2025\/12\/IMG_5295-scaled.jpg","width":2560,"height":1707},{"@type":"WebSite","@id":"https:\/\/test.zpit-sgh.pl\/#website","url":"https:\/\/test.zpit-sgh.pl\/","name":"ZPiT SGH","description":"","publisher":{"@id":"https:\/\/test.zpit-sgh.pl\/#organization"},"potentialAction":[{"@type":"SearchAction","target":{"@type":"EntryPoint","urlTemplate":"https:\/\/test.zpit-sgh.pl\/?s={search_term_string}"},"query-input":{"@type":"PropertyValueSpecification","valueRequired":true,"valueName":"search_term_string"}}],"inLanguage":"pl-PL"},{"@type":"Organization","@id":"https:\/\/test.zpit-sgh.pl\/#organization","name":"ZPiT SGH","url":"https:\/\/test.zpit-sgh.pl\/","logo":{"@type":"ImageObject","inLanguage":"pl-PL","@id":"https:\/\/test.zpit-sgh.pl\/#\/schema\/logo\/image\/","url":"https:\/\/zpit-sgh.pl\/wp-content\/uploads\/2025\/12\/logo-20-lat-zpit-sgh.png","contentUrl":"https:\/\/zpit-sgh.pl\/wp-content\/uploads\/2025\/12\/logo-20-lat-zpit-sgh.png","width":341,"height":411,"caption":"ZPiT SGH"},"image":{"@id":"https:\/\/test.zpit-sgh.pl\/#\/schema\/logo\/image\/"}}]}},"_links":{"self":[{"href":"https:\/\/zpit-sgh.pl\/index.php?rest_route=\/wp\/v2\/pages\/88","targetHints":{"allow":["GET"]}}],"collection":[{"href":"https:\/\/zpit-sgh.pl\/index.php?rest_route=\/wp\/v2\/pages"}],"about":[{"href":"https:\/\/zpit-sgh.pl\/index.php?rest_route=\/wp\/v2\/types\/page"}],"author":[{"embeddable":true,"href":"https:\/\/zpit-sgh.pl\/index.php?rest_route=\/wp\/v2\/users\/1"}],"replies":[{"embeddable":true,"href":"https:\/\/zpit-sgh.pl\/index.php?rest_route=%2Fwp%2Fv2%2Fcomments&post=88"}],"version-history":[{"count":2,"href":"https:\/\/zpit-sgh.pl\/index.php?rest_route=\/wp\/v2\/pages\/88\/revisions"}],"predecessor-version":[{"id":119,"href":"https:\/\/zpit-sgh.pl\/index.php?rest_route=\/wp\/v2\/pages\/88\/revisions\/119"}],"wp:attachment":[{"href":"https:\/\/zpit-sgh.pl\/index.php?rest_route=%2Fwp%2Fv2%2Fmedia&parent=88"}],"curies":[{"name":"wp","href":"https:\/\/api.w.org\/{rel}","templated":true}]}}